9, 67733
What are the prime factors of 10245735?
3, 5, 223, 1021
What are the prime factors of 2136118911?
3, 712039637
What are the prime factors of 1806604353?
3, 200733817
List the prime factors of 275552657.
275552657
List the prime factors of 99501933.
3, 23, 1442057
List the prime factors of 119349315.
3, 5, 884069
List the prime factors of 2384238353.
7, 4391, 77569
What are the prime factors of 745897955?
5, 11, 71, 251, 761
What are the prime factors of 105614541?
3, 11734949
List the prime factors of 65790859.
373, 176383
List the prime factors of 52124814.
2, 3, 7, 413689
List the prime factors of 40018441.
40018441
What are the prime factors of 1302510350?
2, 5, 29, 898283
What are the prime factors of 887186331?
3, 41, 167, 4799
What are the prime factors of 203246392?
2, 3361, 7559
List the prime factors of 912148894.
2, 41, 11123767
What are the prime factors of 1114125234?
2, 3, 463, 401053
List the prime factors of 1331401519.
7, 1103, 172439
What are the prime factors of 98543219?
383, 257293
What are the prime factors of 94090274?
2, 17, 2767361
List the prime factors of 5030731730.
2, 5, 503073173
What are the prime factors of 1292485444?
2, 761, 424601
List the prime factors of 2142881122.
2, 37, 28957853
List the prime factors of 2446758176.
2, 76461193
List the prime factors of 1516117042.
2, 11, 29, 2376359
What are the prime factors of 4252282061?
19, 53, 4222723
What are the prime factors of 2179414011?
3, 223, 3257719
List the prime factors of 121431171.
3, 40477057
List the prime factors of 2222578066.
2, 43, 61, 199, 2129
List the prime factors of 36101221.
13, 263, 10559
What are the prime factors of 169574698?
2, 84787349
What are the prime factors of 37297716?
2, 3, 191, 16273
What are the prime factors of 64017692?
2, 157, 101939
What are the prime factors of 27692578?
2, 911, 15199
What are the prime factors of 618716670?
2, 3, 5, 11, 13, 144223
What are the prime factors of 34149217?
34149217
List the prime factors of 66955925.
5, 29, 92353
What are the prime factors of 132036200?
2, 5, 660181
List the prime factors of 27820751.
7, 3974393
List the prime factors of 1357632000.
2, 3, 5, 2357
What are the prime factors of 262774451?
1151, 228301
What are the prime factors of 2751125858?
2, 13, 105812533
List the prime factors of 7476087.
3, 71, 35099
What are the prime factors of 1147977783?
3, 211, 604517
List the prime factors of 162836128.
2, 7, 13, 199, 281
List the prime factors of 132990656.
2, 457, 4547
What are the prime factors of 121770808?
2, 59, 257989
List the prime factors of 2153985594.
2, 3, 41, 8756039
List the prime factors of 369067686.
2, 3, 13, 4731637
What are the prime factors of 32475771?
3, 67, 53857
List the prime factors of 1389596125.
5, 47, 236527
List the prime factors of 29477294.
2, 7, 11, 17401
What are the prime factors of 1741671174?
2, 3, 290278529
What are the prime factors of 60862148?
2, 167, 179, 509
List the prime factors of 2818227938.
2, 17, 61, 1358837
What are the prime factors of 1128292955?
5, 137, 853, 1931
What are the prime factors of 180554699?
13, 1068371
What are the prime factors of 176744833?
89, 1985897
What are the prime factors of 552384369?
3, 1637, 37493
List the prime factors of 271347415.
5, 43, 1262081
List the prime factors of 300936567.
3, 17, 29, 11969
What are the prime factors of 110986238?
2, 11, 5044829
What are the prime factors of 91876499?
11, 13, 127, 5059
List the prime factors of 27071332.
2, 1997, 3389
What are the prime factors of 85778726?
2, 11, 3899033
List the prime factors of 1158354988.
2, 7, 19, 97, 22447
What are the prime factors of 37757434?
2, 11, 13, 132019
List the prime factors of 2356366742.
2, 439, 2683789
What are the prime factors of 53567386?
2, 26783693
List the prime factors of 81727694.
2, 23, 607, 2927
List the prime factors of 39180644.
2, 9795161
What are the prime factors of 2230488266?
2, 18307, 60919
List the prime factors of 236967138.
2, 3, 47, 280103
List the prime factors of 1480732289.
269, 5504581
List the prime factors of 2137639459.
2137639459
What are the prime factors of 82424356?
2, 7, 19, 154933
List the prime factors of 69259589.
7, 201923
List the prime factors of 77887803.
3, 7, 109, 4861
What are the prime factors of 528021732?
2, 3, 7, 6285973
List the prime factors of 33551276.
2, 11, 762529
List the prime factors of 233474095.
5, 131, 356449
List the prime factors of 53048764.
2, 23, 576617
List the prime factors of 4595148090.
2, 3, 5, 13, 83, 15773
What are the prime factors of 385712941?
823, 468667
List the prime factors of 114717463.
7, 193, 84913
List the prime factors of 168769229.
19, 113, 78607
List the prime factors of 14291617.
14291617
What are the prime factors of 4778288398?
2, 13, 43, 4273961
What are the prime factors of 132433988?
2, 1523, 21739
List the prime factors of 4947726338.
2, 2473863169
List the prime factors of 2182585240.
2, 5, 11, 29, 171049
What are the prime factors of 101704568?
2, 7, 19, 61, 1567
List the prime factors of 28403301.
3, 487, 19441
List the prime factors of 78191494.
2, 2081, 18787
What are the prime factors of 64242490?
2, 5, 13, 17, 41, 709
What are the prime factors of 789584715?
3, 5, 773, 22699
What are the prime factors of 137768728?
2, 1061, 16231
List the prime factors of 119524499.
31, 1747, 2207
What are the prime factors of 372551476?
2, 11, 83, 102013
What are the prime factors of 25909499?
7, 11, 29, 41, 283
What are the prime factors of 18453416?
2, 2306677
What are the prime factors of 177115911?
3, 7, 17, 496123
What are the prime factors of 30909892?
2, 13, 594421
List the prime factors of 26272707.
3, 8757569
List the prime factors of 321997043.
59, 5457577
What are the prime factors of 225377633?
13, 3041, 5701
What are the prime factors of 1808061488?
2, 317, 356479
What are the prime factors of 911199199?
47, 3271, 5927
List the prime factors of 429819750.
2, 3, 5, 37, 1721
List the prime factors of 781352572.
2, 7, 11, 13, 17, 883
What are the prime factors of 1418171712?
2, 3, 7386311
What are the prime factors of 342112651?
19, 41, 643, 683
List the prime factors of 2187430847.
7, 23, 151, 89977
List the prime factors of 3343868520.
2, 3, 5, 19, 617, 2377
List the prime factors of 745208928.
2, 3, 2587531
List the prime factors of 30381965.
5, 23, 61, 71
What are the prime factors of 372643483?
191, 1951013
List the prime factors of 17627029.
7, 2518147
List the prime factors of 54704980.
2, 5, 11, 17, 14627
What are the prime factors of 145396561?
7247, 20063
What are the prime factors of 338283591?
3, 1847, 61051
List the prime factors of 1084702204.
2, 17, 15951503
What are the prime factors of 42781647?
3, 1481, 9629
What are the prime factors of 2182192308?
2, 3, 60616453
List the prime factors of 89982421.
127, 821, 863
List the prime factors of 860037201.
3, 53, 1129, 1597
What are the prime factors of 56637740?
2, 5, 1621, 1747
What are the prime factors of 95377052?
2, 23844263
List the prime factors of 778638133.
7, 13, 8556463
List the prime factors of 174156542.
2, 7, 29, 428957
List the prime factors of 276123673.
7, 17, 211, 1571
What are the prime factors of 24368867?
24368867
List the prime factors of 287219799.
3, 29, 233, 4723
What are the prime factors of 94144625?
5, 101, 7457
List the prime factors of 1115077405.
5, 13, 29, 591553
What are the prime factors of 5264685912?
2, 3, 219361913
List the prime factors of 846696342.
2, 3, 141116057
What are the prime factors of 72511898?
2, 36255949
List the prime factors of 7053867.
3, 783763
List the prime factors of 4849455544.
2, 8263, 73361
List the prime factors of 7682020404.
2, 3, 89, 7192903
What are the prime factors of 339087043?
339087043
List the prime factors of 41706463.
19, 179, 12263
What are the prime factors of 3450704550?
2, 3, 5, 31, 211, 3517
List the prime factors of 988088610.
2, 3, 5, 4363, 7549
List the prime factors of 405226106.
2, 29, 157, 44501
What are the prime factors of 25170097?
25170097
What are the prime factors of 522855598?
2, 89, 2937391
What are the prime factors of 112875943?
2269, 49747
What are the prime factors of 2110565377?
251, 1039, 8093
List the prime factors of 55810672.
2, 3488167
What are the prime 